/s composite?
False
Let g = -118 - -119. Is 5267 + g + 0 - (50 - 55) composite?
False
Suppose 3*s - 4*a = -7032, -a = -3*a + 6. Let d = -179 - s. Is d a prime number?
True
Let l(f) = f**3 + f**2 + 16. Let o be l(0). Let y(w) = -5177*w + 96. Let a be y(4). Is (a/o)/(-1)*4 a composite number?
False
Suppose 0 = -2*v + 9*v - 2*v - 1199785. Is v a composite number?
False
Let k(p) be the first derivative of -37*p**2 + 15*p + 14. Let j be k(-14). Let i = j + -572. Is i a composite number?
False
Suppose 3*u - 244769 = -2*z + z, -5*u + 407935 = -5*z. Is u a composite number?
True
Is ((-3976196)/(-4))/(1 + 6) composite?
False
Let r(c) = -56*c**2 + 8 - 3*c + 2 + 51*c**2 - 1 + 9*c**3. Is r(4) prime?
False
Suppose 1082280 = 65*s - 53*s. Suppose -10*c + s = -0*c. Is c composite?
True
Let m(j) = 75*j + 169483. Is m(0) a composite number?
False
Suppose 4*b = -0*b, -3*i + 15 = -3*b. Suppose -s + 1 = 2, -2*f + i*s + 31 = 0. Let x = 24 + f. Is x a prime number?
True
Suppose -c = -129*y + 125*y - 13569, c + 2*y = 13545. Is c a composite number?
False
Let o(h) = -h**3 - 98*h**2 + 67*h + 635. Is o(-99) a prime number?
True
Let k(a) = -608*a - 35. Let t(w) = 2*w - 35. Let g be t(13). Is k(g) prime?
True
Suppose 54*v - 118559 = 292219. Is v composite?
False
Let d = -179702 - -331795. Is d composite?
False
Suppose 29*k = 2*k + 8026803. Is k a composite number?
False
Suppose -10*h + 104305 + 686964 = 13*h. Is h a prime number?
True
Let g(y) = 5397*y**2 - 78*y + 34. Is g(-21) prime?
True
Let l(j) be the first derivative of j**2/2 - 12*j + 17. Let u be l(12). Suppose -3*d + 271 + 290 = u. Is d prime?
False
Suppose -t = 3, 5*c + 29 = 2*t - 115. Let m(w) = 5*w**2 + 77*w - 37. Is m(c) a prime number?
True
Suppose u + 50*g - 1494539 = 45*g, 0 = 2*g - 12. Is u composite?
False
Let j = -52304 - -91241. Suppose 29*b = j + 41422. Is b composite?
True
Let i be 4/(-8)*-6 + 2. Suppose 0 = -i*g - 3*g + 26048. Suppose 16563 = 7*s + g. Is s prime?
True
Suppose 0 = 90*k - 96*k + 160026. Is k composite?
True
Suppose -48*b + 163290 = -42*b. Is b a composite number?
True
Let s(f) = f**2 + 4*f - 4. Let u be s(0). Let r be (-9)/(u/212 - 0). Suppose -19*g + r = -16*g. Is g composite?
True
Suppose 13 = -3*o + 5*h, 2*o + 5*h - 2*h - 23 = 0. Let j(i) = -i - 1. Let p be j(0). Is p*(-956)/(o/1) a prime number?
True
Suppose 0 = -4*z - 3*z - 2*q + 1088473, -3 = q. Is z a prime number?
False
Let w(a) = 15*a**3 - 37*a**2 + a + 96. Is w(29) prime?
True
Suppose 14*w - 34137 = 31369. Let v = w - 2220. Is v a composite number?
False
Let n = -38 + 45. Let t = 11 - n. Suppose -t*c + 1688 = 4*c. Is c composite?
False
Let b = -237 - -238. Suppose 0 = -5*y + b + 4, -y = 2*g - 13355. Is g composite?
True
Suppose 5*n + 27119 = v, -25*n + 28*n - 54290 = -2*v. Is v prime?
False
Suppose -28 = -4*v + 4*i, -5*v - i = 3*i - 35. Suppose v*h = 12*h - 2475. Suppose -h - 447 = -6*g. Is g prime?
True
Suppose 120*z + 191889548 = 268*z. Is z composite?
False
Let c(f) = f + 10. Let j be (-6)/18 - (-14)/(-3). Let v be c(j). Suppose -469 = -3*d + 4*t + 88, 3*d = v*t + 562. Is d a composite number?
False
Let w(j) = -j**3 + 5*j**2 + 9*j - 10. Let t be w(6). Suppose 3*q - 8 = -t. Suppose q = -3*x, -1683 = -4*d - 3*x + 1985. Is d composite?
True
Let u(d) = -1. Let r(m) = -m**2 - 2*m + 220. Suppose 10*j + 23 = -7. Let l(c) = j*u(c) + r(c). Is l(0) prime?
True
Let p(m) = -250*m**2 - 6*m + 39. Let c be p(-7). Let z = c - -20360. Is z a prime number?
True
Let k(l) = 3*l - 5. Let y be k(3). Let m be -3 + (-4 + y - -770). Let t = m - -96. Is t a prime number?
True
Let i be 3*-1471*(-20)/30. Let x = -1035 + i. Is x a prime number?
True
Suppose 3*h = 2*v + 34665, h + 30*v = 26*v + 11569. Suppose -h = -12*y + 60419. Is y a prime number?
False
Let u be (-4 - (-12)/4)/(1/(-5)). Suppose g - 4*f + u = 0, g - 4 = -g + f. Suppose 0 = -t + 4*l + 1877, -3*t + g*l = 2*l - 5598. Is t prime?
False
Suppose -2*g - 25 = -31. Suppose -4*x = g*q - 4*q + 1637, 2*q + 2*x = 3274. Suppose -d + 5*v = -q, -4*v + 4987 = 2*d + d. Is d prime?
True
Suppose -6 = 6*c - 6. Suppose 3*h - 467 - 283 = c. Suppose -u = -h + 27. Is u prime?
True
Suppose 0 = -p - 4*p - 45. Let h(k) = k**2 + 8*k - 5. Let n be h(p). Suppose -1588 = -4*j + c, j - n*c - 1985 = -4*j. Is j a prime number?
True
Let a(h) be the first derivative of 1105*h**3/3 + h**2/2 + h + 2. Let l be a(1). Suppose -5*w + 2521 = 3*r, 4*r - 410 = -3*w + l. Is w a composite number?
False
Let b(x) = 47283*x**2 - 535*x + 7. Is b(3) a composite number?
False
Suppose 0 = -4*a + 12, 2*a - 1 = 4*j - 55. Suppose -49*n + 48*n + 5166 = 5*f, 3*f + j = 0. Is n composite?
True
Let v = -6 - -10. Suppose -33 = 2*p - s - v*s, p + 9 = s. Is (-853)/p + (-9)/36 a composite number?
True
Let j(h) = -51940*h**3 + 4*h**2 + 4*h + 2. Let w be j(-1). Suppose -w - 28476 = -6*z. Is z prime?
False
Suppose 0 = 2*h + 8*h - 40. Let q be (3 + h/(-8) + -3)*-6. Is 1 + q + (2 - -1505) prime?
True
Let n be 1/4*(41 + -17). Let u = -2645 - -561. Is 6/(-4)*u/n prime?
True
Suppose -6*c + 21*c - 6*c - 1903887 = 0. Is c a composite number?
False
Suppose c - 195571 = -4*v, -3*v - 195536 = -5*c + 4*c. Is c a composite number?
True
Let s(k) = 2*k - 34. Let j be s(26). Suppose -2*d + 24 = j. Suppose 0 = d*u - 193 - 206. Is u a prime number?
False
Let m = -6583 + 9268. Suppose -2*l - 3*j + 4666 = 0, 2*j - m = -2*l + 1981. Is l composite?
False
Let u be 12/(-6)*14/(-4). Suppose 5*f = 2*v + 10, u = 2*v + 4*f - 1. Suppose v = -5*o + 4*i + 1423, 0*o - 4*o + i + 1145 = 0. Is o a prime number?
False
Suppose -28 = -3*b + 4*z - 11, -2*b + 5*z = -16. Suppose b*o - 1218 - 402 = 0. Suppose -4*l + 5*h = -3827, 2*h + 4358 = 4*l + o. Is l a composite number?
False
Suppose -3*b - 9 - 12 = -2*p, 3*b = 15. Is (16041/p)/(11/66) a prime number?
True
Let x = -99 + 30. Let r = x + 82. Suppose 5*c = 2*a - 1171, -5*c - 12 = r. Is a prime?
False
Is 3*(-18)/135*1627*-5 prime?
False
Let s(o) = -o**3 + 41*o**2 - 41*o + 45. Let z be s(40). Suppose -z*a + 1925 = -5*h, 5*h - 13 = a - 414. Is a composite?
True
Let m(a) = 49*a + 103. Let p be m(-2). Suppose 4*d + 35549 = 6*i - 3*i, 0 = -3*i + p*d + 35545. Is i composite?
True
Let s be (-14 + 12)/((-1)/(-12)*2). Let a(i) = -668*i + 85. Is a(s) composite?
False
Let r = 16 + 2. Suppose v - 6 + 7 = -3*f, 2*f + r = -5*v. Is f/(-8) + 161100/96 a prime number?
False
Suppose -3*z = -43781 - 152146. Is z a prime number?
True
Let h(o) = -88*o**3 + o**2 - 21*o - 10. Let f be h(-7). Suppose 0 = -168*l + 166*l + f. Is l prime?
False
Suppose -6*o = 36*o - 84. Suppose -27475 = 3*r + o*b - 100764, 48856 = 2*r + 3*b. Is r prime?
False
Suppose 61*s - 39*s = -22. Is 1/((-20040)/20046 - s) a composite number?
True
Is 75/125 + (-3798426)/(-15) composite?
False
Suppose -243*u = -277*u + 273938. Is u composite?
True
Let z = 7866 - 5368. Suppose -3*g = 6*g + 9153. Let r = g + z. Is r a composite number?
False
Let w be (-44)/(-16) + -2 - (-25)/4. Let k = 11 - w. Is 3*1 - (-924 - (k + 3)) prime?
False
Suppose b = -0*b + 17. Let x be (-2*(-1)/4)/(b/(-47090)). Let v = 2020 + x. Is v a prime number?
False
Is (2/(-8))/(1*3) - (-18552872)/96 a prime number?
False
Let b be (-2)/(-3) - (-2530)/66. Let r = 43 - b. Suppose r*y - 1798 = 2*y. Is y a composite number?
True
Let a(d) = d**3 + 138*d**2 + 393*d - 131. Is a(-132) prime?
False
Suppose 0 = -y - 0*y + 435. Suppose -y = -6*j + j. Is -1 + j + -2 - 2 composite?
True
Let y = 607265 - -215096. Is y a composite number?
False
Suppose 5*r = 14*r + 2*b - 94337, r - 10461 = 5*b. Is r a prime number?
False
Let v(p) = -p**3 + 10*p**2 + 9*p - 8. Let s(y) = -y**3 - 7*y**2 - 7*y + 5. Let a be s(-6). Let z be v(a). Is 5/z - 6979/(-6) composite?
False
Let z = 29335 + 4470. Is z prime?
False
Is (5 + -6)/(-3 + (-333430)/(-111145)) prime?
True
Let u = 1427 + 40080. Is u a composite number?
False
Let t(b) = -2855*b - 37. Is t(-4) composite?
False
Suppose 3*r + 4*g = 7*r - 8576, -4*g = 16. Suppose -18*k + 14*k = -r. Is k prime?
False
Let c = -722766 + 1017379. Is c composite?
True
Let r(p) = -29*p**3 + 5*p - 2. Let w be r(2). Suppose 3*k - 2831 = 5*m, -4*m - 5*k = -0*k + 2250. Let j = w - m. Is j a composite number?
True
Let l(n) = 7*n**3 + 8*n**2 - 5*n - 9. Let k be 7*(-3 + 81/21). Let d be 1*(-18)/6*(-10)/k. Is l(d) a composite number?
T